 = o. Let r = 18 - o. What is the tens digit of r?
2
Let d = -12 - -13. Let o = 3 - d. Suppose o*y = -y + 135. What is the tens digit of y?
4
Let u(y) be the third derivative of 0*y**3 - 1/8*y**4 - 1/60*y**6 - 1/20*y**5 + 0*y + 0 + 5*y**2. What is the units digit of u(-2)?
0
Let v be (-133 + -14)/(-3*1/(-10)). Let b = -173 - v. What is the tens digit of b?
1
Let t = -31 + 36. Suppose -2*y + 183 = -t*y. Let q = y + 116. What is the units digit of q?
5
Let m(y) = y**2 - 3*y - 2. Let o be m(-1). Suppose 0 = -2*z + 3*z - k - 1, -o*z = k - 8. Let c(v) = 5*v - 6. What is the units digit of c(z)?
9
What is the tens digit of 6 + (-6 + 5 - -337)?
4
Let p(r) = -r**2 + 2*r + 5. Let f be p(4). Let w be (1 + -3)/((-2)/6). Let m = f + w. What is the units digit of m?
3
Suppose c - 582 = -2*i + 5*c, -4*c = -i + 297. What is the tens digit of i?
8
Suppose c - 3 = 0, -4*i - c = 4*c - 55. Suppose -i = -z + 6*z. What is the tens digit of (-13)/(z + 10/6)?
3
Let z be 76/18 - 2/9. Suppose -r + 10 = z*r. Suppose a = r + 2. What is the units digit of a?
4
Suppose -30 = 4*q - 9*q. Suppose 4*l + 34 - q = 0. What is the tens digit of 374/14 - 2/l?
2
Let p(y) = 6*y**2 - 2*y + 68. What is the units digit of p(10)?
8
Let n = 469 + 2985. What is the units digit of n?
4
Suppose 6*s - 3*s = -6, q + s = 1574. What is the hundreds digit of q?
5
Suppose -5509 = -8*k + 6323. What is the tens digit of k?
7
Let m(b) = 5*b**2 - 1. Let z = 48 - 51. What is the units digit of m(z)?
4
Suppose h + 4*z = 3*h + 4, 2 = 3*h + 2*z. Suppose 0 = -h*o - 3*o + 66. What is the tens digit of o?
2
Suppose 79*v - 138322 - 78691 = 0. What is the tens digit of v?
4
Let v(l) = -11*l + 108. Let t be v(6). Suppose -3 = -y + 5*s, 2 - 32 = -2*y - 2*s. Let d = t - y. What is the tens digit of d?
2
Let z(t) = t**3 - 7*t**2 - 3*t + 20. What is the tens digit of z(10)?
9
Suppose 3*h = -3*o + 705, h - 46 = -5*o + 197. Suppose h = 4*i - 7. What is the tens digit of i?
6
Suppose 3*b + 17 = -52. Let l = 6 + b. Let c = -4 - l. What is the units digit of c?
3
Let t(s) = s**3 - 11*s**2 - s + 16. Suppose 0 = 4*m + 17 + 75. Let w = -12 - m. What is the units digit of t(w)?
5
Suppose 4*b = -3*y + 16028, -5*b - y = -0*y - 20035. What is the tens digit of b?
0
Suppose 6*u + 6 = 3*u. Let j be (2 - 7 - u) + 97. Let q = 136 - j. What is the units digit of q?
2
Suppose -5*o + 4*x - 21 = 0, -15 = 4*o - x - 4*x. Let w(j) = -j**3 - 6*j**2 - 6*j - 2. Let v be w(o). Suppose v*f + 48 = 7*f. What is the units digit of f?
2
What is the hundreds digit of 17358/66 - (-3)/1?
2
Let h(y) = -356*y + 10. What is the units digit of h(-2)?
2
Let x(i) = -i**2 + 5*i + 2. Let d(p) = p + 11. Let u be d(-7). What is the units digit of x(u)?
6
Suppose -162 = 4*v - v. What is the units digit of (-4)/(-18) - 2040/v?
8
Let m(v) = -v**3 - 11*v**2 + 12*v + 5. Let l be m(-12). Suppose l*a = -5*t + 127 + 88, a = -4*t + 181. What is the tens digit of t?
4
Let k(h) = h**3 - h**2 - 2*h. Let j be k(2). Suppose -4*d + 5*f + 42 = j, d - 4*f - 57 = -4*d. What is the tens digit of d?
1
Let l(f) = -f**3 + f**2 + 3*f + 2. Let z be l(-2). Let k = z - 6. Suppose 0 = -2*c + 5*i - 7, 3*c = -k*i - 8 + 45. What is the units digit of c?
9
Let s be 0*-3*1/(-6). Suppose 3*z - z + 102 = s. Let r = z + 115. What is the units digit of r?
4
Let p(c) = c**2 + 6*c - 9. Let d be p(-8). Let y(l) = l**3 - 2*l**2 - 12*l - 9. What is the hundreds digit of y(d)?
1
Suppose -n + 362 = 112. What is the units digit of n?
0
Let j(s) = 19*s**2 + 3*s - 166. What is the tens digit of j(8)?
7
Suppose -4*d = 154 - 50. Let k = d - -38. What is the tens digit of k?
1
Let f = -2725 - -5362. What is the units digit of f?
7
Suppose -6*v = -2235 - 1629. What is the hundreds digit of v?
6
Let i = 2991 + -2085. What is the tens digit of i?
0
Suppose -2*l - 2*w - 22 = 0, l - 35 = 4*l + w. Let o(s) = 4*s. Let i be o(5). Let n = l + i. What is the units digit of n?
8
Let v(q) = q - 5. Let j be v(5). Let o(f) = -f - 5. Let w be o(-8). Suppose w*a - 72 = -j*a. What is the tens digit of a?
2
Suppose -9 = -11*g + 8*g. Suppose 3 = -g*q + 4*q. Suppose 2*r + z - 13 = 0, -z = q*r + 4*z - 23. What is the units digit of r?
6
Let k be (-122)/(-3)*3/2. Suppose 88 = y - k. What is the tens digit of y?
4
Suppose -2*p - 6 = -3*j - 2, 0 = 5*p + j + 44. What is the tens digit of (18/p)/(3/(-56))?
4
Suppose -2*q = 2*q + 4*h - 44, -3*q + 33 = -4*h. Let p be (6/(-5))/((-15)/25). Suppose 0 = p*n + q - 13. What is the units digit of n?
1
Suppose 4*x = 12, 4*o = -o + 2*x + 4. Suppose h + 2*p - 69 = 6, o*h - 114 = 5*p. What is the units digit of h?
7
Suppose 5*z + 9*k = 4*k + 11835, -2*k = z - 2365. What is the hundreds digit of z?
3
Let y be (0 - -1)*(-2 + 2). Let u be -11 - 1*(2 + y). Let t = 27 + u. What is the tens digit of t?
1
Suppose -34*q + 78719 = -32325. What is the hundreds digit of q?
2
Let y be (-621)/(-115) + (-3)/(-5) + 0. Suppose 0 = -b + 14 + y. What is the tens digit of b?
2
Let s = 15 - 12. Suppose s*u - 324 = -0*u. What is the units digit of u?
8
Suppose 0 = r - 5*w - 3643, 9929 + 944 = 3*r - w. What is the units digit of r?
3
Let k(v) = v - 4. Suppose -28 - 7 = -5*d. Let l be k(d). What is the units digit of (-6)/(-12)*30/l?
5
Suppose 25 = 5*h + 5. Let i(c) = -17 - 6*c + 6 + h. What is the units digit of i(-6)?
9
Let c(v) = 11*v**2 + 2*v + 55. What is the hundreds digit of c(-9)?
9
Suppose 562 = 3*h + 2*s + 2*s, -3*h + 592 = -2*s. Let v = -18 + h. What is the units digit of v?
6
Let g = -975 + 1739. What is the tens digit of g?
6
Let j be 3 + (0/(-9))/(3/1). Suppose j*f + 4*s - 37 = 0, -3*f + s - 2*s = -43. What is the units digit of f?
5
Let o(a) be the first derivative of -3*a**2/2 - 17*a - 10. Suppose -2*s = -3*m - 0*m + 13, 34 = -4*s - 2*m. What is the units digit of o(s)?
7
Let y = -1365 + 2057. What is the tens digit of y?
9
Let v = 23 + -5. Let h(u) = u**3 + 4*u**2 - 5*u + 1. Let l be h(-5). What is the units digit of l + v - (-4 + 4)?
9
Suppose -6*a - 159 = -9*a. Suppose 3*g = 2*p - 34, 0 = 6*p - 3*p - 4*g - a. What is the tens digit of p?
2
What is the units digit of (-22)/(-2) + (-118932)/(-51)?
3
What is the units digit of (-1 - 17 - -16)*467*-3?
2
Let m = 38 - 29. Suppose 4*h + m - 33 = 0. What is the units digit of h?
6
Let r = 56 - 52. Suppose r*f - 3*f = m - 17, 0 = -m + 3*f + 11. What is the tens digit of m?
2
Let h be 1/(-4) + (-65)/(-20). Suppose 0 = -h*i - 3 - 6, 4*r - 3*i = 277. What is the tens digit of r?
6
Let g be (-2)/(-5) - 90/(-25). What is the tens digit of 532/(-57)*(-33)/g?
7
Let l be (3 + -2 + -2)*-1. What is the units digit of (l - 234/(-4))/((-5)/(-10))?
9
Suppose 77771 = 75*q - 45604. What is the thousands digit of q?
1
Suppose -4*p + 4*a = -70 - 290, 0 = p - 3*a - 82. What is the tens digit of p?
9
Suppose 4*n + 3 + 13 = 0. What is the units digit of 59 + (-4 - n) + -1?
8
What is the hundreds digit of (-1352)/(-4) - 4*(-4)/(-16)?
3
Suppose d - 4128 = 4*t, 4*d + 4*t = 7*t + 16564. What is the hundreds digit of d?
1
Let h(t) = -6*t**2 - 4*t + 3. Let p be (4/(-3))/((-2)/3). Let m be h(p). Let w = m - -47. What is the units digit of w?
8
Let f be (-296)/(-7) + (-4)/14. Suppose -15*q - 172 - 98 = 0. Let z = q + f. What is the tens digit of z?
2
Let s be (24/6)/(2/9). Let l = 6 + s. What is the tens digit of l?
2
Suppose 0 = -o + 5*o + 4*f - 456, 16 = 4*f. Suppose -2*d + d + 49 = n, 2*n - d - o = 0. What is the units digit of n?
3
Let c(g) = 14*g + 1. Let x(m) = m - 11. Let k be x(7). Let f be k/18 + 329/63. What is the units digit of c(f)?
1
Suppose -11 = -5*m + 89. Let w = -17 + m. Suppose -10 = -w*i + 92. What is the units digit of i?
4
Suppose 3*u - 265 = 5*l - 2, 271 = 3*u - l. What is the units digit of u?
1
What is the units digit of 2434/4 + (-84)/168?
8
Let n(g) = -52*g**3 - g**2 - 4*g - 13. What is the thousands digit of n(-3)?
1
Suppose 0 = 3*m - 4*m + 219. What is the units digit of m?
9
Let d = 512 + -413. What is the units digit of d?
9
Suppose 3*u - 30 = -18. Suppose -u*c - 31 + 378 = -5*y, 0 = 5*y + 15. What is the units digit of c?
3
Let q(o) = -o**2 + 33*o - 55. What is the hundreds digit of q(8)?
1
Suppose -8 = 13*p - 17*p. Suppose -5*h + 35 = -5*n, 57 = 5*h + p*n + 1. What is the tens digit of h?
1
Suppose n + 0 = 2. Suppose 0 = -r - 4*q + 6, -3*r + n = -